s digit of 21604212?
2
What is the ten millions digit of 1282043485?
8
What is the thousands digit of 488620125?
0
What is the units digit of 596907561?
1
What is the tens digit of 237295694?
9
What is the hundreds digit of 260546411?
4
What is the hundred thousands digit of 114611952?
6
What is the units digit of 455728230?
0
What is the ten millions digit of 3227021702?
2
What is the ten thousands digit of 69908428?
0
What is the millions digit of 325714151?
5
What is the hundreds digit of 97091819?
8
What is the thousands digit of 188599397?
9
What is the units digit of 31829696?
6
What is the thousands digit of 45788444?
8
What is the hundred thousands digit of 190832928?
8
What is the thousands digit of 643372401?
2
What is the ten millions digit of 127540798?
2
What is the millions digit of 4986444?
4
What is the hundred millions digit of 2183246005?
1
What is the tens digit of 18528897?
9
What is the thousands digit of 324293306?
3
What is the hundreds digit of 21523498?
4
What is the hundred thousands digit of 1443811289?
8
What is the millions digit of 6139199778?
9
What is the millions digit of 78423539?
8
What is the billions digit of 1087627236?
1
What is the hundred millions digit of 725800756?
7
What is the ten thousands digit of 348180579?
8
What is the hundred millions digit of 191762175?
1
What is the hundred millions digit of 282784349?
2
What is the hundred millions digit of 200669531?
2
What is the ten thousands digit of 97740863?
4
What is the ten millions digit of 571307512?
7
What is the millions digit of 65349155?
5
What is the millions digit of 2233033465?
3
What is the thousands digit of 47758965?
8
What is the units digit of 30300956?
6
What is the units digit of 173134984?
4
What is the hundred thousands digit of 468034543?
0
What is the units digit of 157110581?
1
What is the ten thousands digit of 54871320?
7
What is the units digit of 429032296?
6
What is the thousands digit of 15906153?
6
What is the hundred thousands digit of 1148638640?
6
What is the tens digit of 1658601960?
6
What is the thousands digit of 190237497?
7
What is the ten millions digit of 653033359?
5
What is the billions digit of 3011605369?
3
What is the ten thousands digit of 79039645?
3
What is the hundred millions digit of 224879877?
2
What is the millions digit of 184766356?
4
What is the ten millions digit of 3595553207?
9
What is the millions digit of 270579547?
0
What is the hundred millions digit of 2703419474?
7
What is the millions digit of 149261509?
9
What is the millions digit of 9725093?
9
What is the thousands digit of 589869410?
9
What is the millions digit of 772411878?
2
What is the ten millions digit of 59270450?
5
What is the hundreds digit of 51025547?
5
What is the hundreds digit of 3338938290?
2
What is the hundreds digit of 88824786?
7
What is the tens digit of 917152791?
9
What is the tens digit of 426736744?
4
What is the billions digit of 1831837016?
1
What is the tens digit of 904273?
7
What is the ten thousands digit of 75331858?
3
What is the tens digit of 27982873?
7
What is the tens digit of 85797888?
8
What is the ten millions digit of 672877609?
7
What is the hundreds digit of 63753644?
6
What is the tens digit of 695308762?
6
What is the hundred thousands digit of 729533491?
5
What is the units digit of 49938641?
1
What is the hundred millions digit of 119545335?
1
What is the ten millions digit of 37048092?
3
What is the units digit of 6158519105?
5
What is the ten thousands digit of 1624965322?
6
What is the thousands digit of 110934637?
4
What is the ten thousands digit of 293303539?
0
What is the tens digit of 1087474601?
0
What is the billions digit of 3156579801?
3
What is the billions digit of 1369041474?
1
What is the tens digit of 1837163330?
3
What is the hundred thousands digit of 61365526?
3
What is the tens digit of 12699593?
9
What is the millions digit of 2997358254?
7
What is the units digit of 3673662678?
8
What is the units digit of 1210821736?
6
What is the hundred thousands digit of 562776497?
7
What is the millions digit of 3235039032?
5
What is the thousands digit of 1102796432?
6
What is the hundred millions digit of 422828856?
4
What is the units digit of 300247537?
7
What is the millions digit of 69831673?
9
What is the hundreds digit of 1712021735?
7
What is the tens digit of 285181908?
0
What is the hundreds digit of 104233643?
6
What is the tens digit of 409249520?
2
What is the tens digit of 153001560?
6
What is the tens digit of 289395883?
8
What is the millions digit of 96061304?
6
What is the hundreds digit of 6835458?
4
What is the hundred thousands digit of 4938690?
9
What is the millions digit of 11556653?
1
What is the hundred thousands digit of 175856126?
8
What is the thousands digit of 2045240419?
0
What is the units digit of 25602725?
5
What is the ten millions digit of 325584547?
2
What is the ten millions digit of 157732173?
5
What is the hundreds digit of 29080213?
2
What is the billions digit of 2146811437?
2
What is the units digit of 454142665?
5
What is the thousands digit of 346112608?
2
What is the billions digit of 2835300370?
2
What is the thousands digit of 335047600?
7
What is the hundred thousands digit of 89690543?
6
What is the units digit of 84841970?
0
What is the tens digit of 49729237?
3
What is the hundreds digit of 214696905?
9
What is the units digit of 147605415?
5
What is the hundreds digit of 45773567?
5
What is the units digit of 3038570953?
3
What is the units digit of 13004844?
4
What is the millions digit of 163547157?
3
What is the ten thousands digit of 921035114?
3
What is the thousands digit of 133988452?
8
What is the ten millions digit of 163271430?
6
What is the ten thousands digit of 125993997?
9
What is the thousands digit of 122077435?
7
What is the hundreds digit of 47884962?
9
What is the hundred thousands digit of 4763879301?
8
What is the thousands digit of 1469662005?
2
What is the ten millions digit of 822796492?
2
What is the ten thousands digit of 294222646?
2
What is the hundred thousands digit of 117941690?
9
What is the ten millions digit of 42437776?
4
What is the millions digit of 390235275?
0
What is the millions digit of 77982035?
7
What is the millions digit of 275628352?
5
What is the tens digit of 42162543?
4
What is the millions digit of 792009906?
2
What is the hundreds digit of 83720383?
3
What is the units digit of 107557351?
1
What is the thousands digit of 1917148022?
8
What is the millions digit of 796021040?
6
What is the units digit of 38520378?
8
What is the ten millions digit of 332613270?
3
What is the thousands digit of 64352656?
2
What is the hundred millions digit of 445639938?
4
What is the billions digit of 3088117573?
3
What is the hundreds digit of 426034179?
1
What is the units digit of 125207095?
5
What is the thousands digit of 26886621?
6
What is the thousands digit of 4165083289?
3
What is the hundred thousands digit of 27012074?
0
What is the hundred millions digit of 394387760?
3
What is the tens digit of 176996269?
6
What is the units digit of 51805928?
8
What is the ten millions digit of 107983901?
0
What is the ten thousands digit of 168956728?
5
What is the ten thousands digit of 72167136?
6
What is the units digit of 142924218?
8
What is the thousands digit of 212203341?
3
What is the units digit of 336481459?
9
What is the millions digit of 364164302?
4
What is the millions digit of 33210890?
3
What is the ten millions digit of 42384737?
4
What is the hundred thousands digit of 27159704?
1
What is the ten thousands digit of 261160043?
6
What is the ten millions digit of 11635664?
1
What is the hundreds digit of 40855815?
8
What is the tens digit of 12859273?
7
What is the hundreds digit of 100475908?
9
What is the thousands digit of 1530956513?
6
What is the units digit of 316980414?
4
What is the hundreds digit of 303136656?
6
What is the hundred thousands digit of 1881406247?
4
What is the millions digit of 394787033?
4
What is the tens digit of 155443219?
1
What is the thousands digit of 2888215104?
5
What is the thousands digit of 78501810?
1
What is the hundreds digit of 544857125?
1
What is the hundreds digit of 2101098767?
7
What is the ten thousands digit of 82256954?